. Let y(x) = -4*x - 7. Give y(u).
-31
Suppose -n + 9*y = 13*y - 13, 2*n + y - 12 = 0. Let w(p) = p**2 - 26. Determine w(n).
-1
Let q be ((-18)/18)/((-1)/5). Let j(m) = 7 - 4*m - 2*m - 10 + m**2 - q*m. Calculate j(11).
-3
Let w(j) = -3*j + 29. Let l(a) = 2*a - 19. Let z(r) = 8*l(r) + 5*w(r). Suppose -4 - 2 = -o. Give z(o).
-1
Let j(y) = -6*y + 8*y - 2 - 3*y. Determine j(8).
-10
Let a(r) = -r + 1. Let j(x) = x**2 + x - 84. Let g be j(9). What is a(g)?
-5
Let j(c) = 2*c**2 + 15 + c**3 - 30 + 16. Suppose -4*z - 5 + 25 = 0. Let i = 3 - z. Calculate j(i).
1
Suppose 3*b + 2*x + 12 = 0, 0 = -3*b - x - 2 - 10. Let q be (b/(-6))/((-5)/45). Let n(r) = r - 6. What is n(q)?
-12
Let p(j) = -j**2 - 5 + 3*j**2 + 3*j + 1 + 1. Let k be p(-3). Let y(g) = -2*g + 0*g**2 + k*g + 1 + g**2. What is y(-4)?
1
Let b(x) be the first derivative of -x - 30*x**2 + 28*x**2 + 6 + 0. What is b(-2)?
7
Let x be ((-18)/20)/(33/(-220)). Let u(c) = -c**2 + 6*c. Give u(x).
0
Suppose 50 - 18 = n + p, -2*p + 30 = n. Let u = n - 19. Let v(z) = -z**2 + 14*z + 13. Let r be v(u). Let k(q) = q**2 - 2*q - 3. Calculate k(r).
5
Let a(i) = i + 13. Suppose 3*y = -3*u - 18, 3*y = 2*u + 1 - 39. Give a(y).
3
Suppose -4*g - 4 = -12. Let j(x) = -4*x**g - 2*x + 3*x**2 - x - 3. Let o(h) = -h**3 - h**2 + 3*h - 2. Let s be o(0). Give j(s).
-1
Let n(f) = -f**2 - 5*f - 13. Let g be (8 - (-52)/(-6))/((-3)/(-18)). Calculate n(g).
-9
Let z(k) = -3*k - 3. Suppose -4*l + 0 = 4. Let b be (-1)/((l/7)/1). Suppose -b = 2*v - 1. Determine z(v).
6
Let z be (-4 - 3) + 0 + 0 + -1. Let o(c) = -c**3 - 9*c**2 - 9*c - 4. Give o(z).
4
Suppose 0 = 2*g - x - 11, 5*g + 3*x - 27 = 5*x. Let v(m) be the first derivative of -m**4/4 + 2*m**3 - m**2 - 2*m + 678. Calculate v(g).
13
Suppose 14*p + 41 = -57. Let b(z) = -26*z - 7. Let s(x) = 40*x + 10. Let a(g) = p*b(g) - 5*s(g). Calculate a(-1).
17
Let l(h) = 2*h**3 + h**2 + 1. Let k(s) = s**3 + 4*s**2 + 2*s - 2. Let v be k(-2). Suppose -2*q = v*m + 8, -2*q - 2*q - 3*m - 14 = 0. Determine l(q).
-11
Let k(d) = -11*d**3 - 11*d**2 + 20*d - 3. Let o(f) = -4*f**3 - 4*f**2 + 7*f - 1. Let i = 23 - 26. Let t(v) = i*k(v) + 8*o(v). What is t(-3)?
-5
Suppose 3*p + 7 = -2*n, -3*n - 3 = p + p. Let t(v) = -2*v - 10. Let d be t(-8). Let u(z) = z - 9*z**2 + d*z**2 + 0*z + 6*z**2. Give u(n).
4
Let y(l) be the first derivative of 2*l**2 - 12*l + 10. Let q be y(5). Let n(t) = -t + 6. Determine n(q).
-2
Let v(m) = m + 13. Let i(x) = 2*x**2 - 140*x - 12. Let j be i(70). Give v(j).
1
Let u(s) = -2*s**2 - 6*s - 1. Let q(l) = l**2 + 3*l + 1. Let k(r) = -5*q(r) - 2*u(r). Let y(t) be the first derivative of k(t). Calculate y(-2).
1
Let u(v) = -v**3 + 2*v**2 + 3*v + 1. Let h be (-8)/8*(-2 - 1). Let o be u(h). Let s(w) = w**3 - 4*w + 3*w - o + 0*w + 3. Give s(0).
2
Let m(l) = -l**3 + 11*l**2 + 11*l + 12. Let z be m(12). Let b(i) be the third derivative of -i**6/120 + 5*i**3/2 + 19*i**2 + 3*i. Calculate b(z).
15
Let q(l) = -2*l - l + 1 - 3*l - 4*l. Suppose 4*i - 7 = 11*i. Determine q(i).
11
Let p(g) = -g**3 + 2*g**2 - 4*g + 3. Let f be 1 + -2 + (1 - -4) - 2. Calculate p(f).
-5
Let y(j) = j + 1. Let r(a) = -13*a**3 - 52*a**2 + a + 13. Let x be r(-4). Give y(x).
10
Let c = -564 + 561. Let i(h) = -3*h**2 + 3*h + 4. Calculate i(c).
-32
Let k = 203 + -210. Let q(d) = d**2 + d - 7. Determine q(k).
35
Let w(m) = m**2 + 2*m - 12. Suppose -6*v = -8*v + 7*v. Calculate w(v).
-12
Let s = 395 + -395. Let l(m) be the second derivative of s - m - 3/2*m**2 - m**3. Calculate l(-2).
9
Let b(t) = t - 3. Suppose -4*m = o - 7*m + 9, -12 = -3*m. Suppose -o*a + 12 = a. Give b(a).
0
Let p = -89 - -80. Let d be p/4*(55/(-15) - -1). Let q(s) = 2*s + 5. Calculate q(d).
17
Let w(n) = 17*n - 2. Let o(u) = u + 1. Let p(k) = -5*o(k) + w(k). Let f be p(6). Let z(v) = -v + f - 65. Calculate z(-5).
5
Let s(u) be the first derivative of -1/180*u**6 - 1/120*u**5 - u**3 + 0*u + 2 + 0*u**2 - 1/24*u**4. Let r(a) be the third derivative of s(a). What is r(2)?
-11
Let n(y) = -y - 34. Suppose -122*m = -521 + 1741. Give n(m).
-24
Let z(t) = -3*t**2 + 6*t + 1. Let v be 15/(-5)*15/(-9). Calculate z(v).
-44
Let a(y) = -4*y + 68. Let m(d) = 2*d - 37. Let s(j) = 6*a(j) + 11*m(j). Determine s(-3).
7
Let i(a) = a**3 + a**2 + a. Let b be i(0). Suppose b*c - 4*c - 4 = 0. Let g(o) be the first derivative of -o**3/3 - o**2/2 - o + 30. Determine g(c).
-1
Suppose d - 24 = 3*r + 2*r, -d - r = 0. Let k(a) be the third derivative of 0*a + 0*a**d - 2/3*a**3 - 1/60*a**5 + 0 - 4*a**2. Determine k(0).
-4
Let k(r) be the third derivative of 15*r**2 + 0 + 0*r + 1/12*r**4 + 1/2*r**3. Give k(3).
9
Let a(t) = -t**3 + 4*t**2 - 3*t - 3. Let o be a(3). Let i(m) be the second derivative of m**4/6 + m**3/2 - 2*m**2 - 188*m. What is i(o)?
5
Let k(o) = o**2 - 2*o - 3. Suppose -3*y - 34 = -h - 28, 3*y - 5*h = -6. Calculate k(y).
5
Suppose 4*z + 8 = -0*z. Let c(t) = -t - 1. Let n be c(-4). Let o(b) = -1 - 12*b + 8*b + n*b. Determine o(z).
1
Let x(r) be the second derivative of r**4/4 - r**3/6 + 2*r**2 - 52*r - 4. Calculate x(0).
4
Suppose -744*u - 12 = -748*u. Let m(s) = -4*s. Calculate m(u).
-12
Suppose 20 = 4*t - 2*i, -5*i + 6 = t + 3*t. Let w be t/(-42) + (-927)/189. Let c(z) = -z. Let d(u) = u**2 + 4*u. Let j(h) = -c(h) + d(h). Give j(w).
0
Let n(q) = q**2 + 4*q - 1. Suppose 3*a + 10 = 4*a. Let h be ((-10)/(-5))/((-4)/a). Determine n(h).
4
Let z(x) = -9*x**2 - x - 1 - 2*x + x. Suppose -5*w + 3*n + 1 = -0*n, 5*n = 3*w - 7. Give z(w).
-8
Let d = -19 + 17. Let m(x) = -34 + 4*x + 34. What is m(d)?
-8
Let w(t) be the third derivative of -t**8/20160 + 11*t**7/5040 - t**6/60 + 7*t**5/10 + 12*t**2. Let b(l) be the third derivative of w(l). What is b(8)?
12
Let g(f) be the second derivative of 7/6*f**3 + 0 - 15*f - 3/2*f**2 + 1/12*f**4. Suppose 5*c - 20 + 50 = 0. What is g(c)?
-9
Let o(t) = 3*t**2 + 1. Let x be ((-1)/(-7))/((-20)/(-140)). Give o(x).
4
Let b(d) = 7619*d - 1 - d**3 - 5*d**2 - 7617*d + 0*d**3. Determine b(-6).
23
Suppose 10*i - 26 = -66. Let r(m) = 10*m**2 + 2*m - 12. Let d be (-2)/2*(-2)/(-1). Let t(y) = -3*y**2 - y + 4. Let l(g) = d*r(g) - 7*t(g). What is l(i)?
0
Let v = 15 - 6. Let r(t) = -23*t**2 + 8*t**2 + 16*t**2 - v*t + 6. What is r(6)?
-12
Suppose 27 = -0*k + 9*k. Let f(s) = -s - 1 - k - 2*s - 1. Give f(-6).
13
Let h(s) = 4*s**3 - 2 - 1138*s + 0*s**2 + 1140*s + 3*s**2. Give h(-2).
-26
Suppose 5*u + 3*z = -40, 0 = -5*u + 2*z - 3 - 12. Let r(v) = -v**2 - 4*v. What is r(u)?
-5
Let y = -641 + 644. Let u(n) = n**3 - 4*n**2 + 3. Give u(y).
-6
Let d(s) = -3*s**3 + 2*s**2 - 9*s + 2. Suppose -g = j - 6, -g + 5*g = 4. Let f(l) = -l**3 + l**2 - 5*l + 1. Let y(w) = j*f(w) - 3*d(w). What is y(1)?
4
Let d = -12 - -14. Let p(b) = 9*b**2 - 2 + b + 4 - 10*b**d. Give p(0).
2
Let v(z) = 12*z**2 + 6*z + 11. Let n(y) = -13*y**2 - 7*y - 14. Let g(k) = 4*n(k) + 5*v(k). Give g(2).
35
Let w(u) = -u**3 + 3*u**2 - 2*u - 7. Let z = 1579 + -1576. Calculate w(z).
-13
Let n(h) = -2030*h - 3 + 1002*h + 1029*h. Let q be 2/6 + 2/(-6). Suppose 24 + q = 3*j. Determine n(j).
5
Let l(g) = -4*g**2 - 5*g - 10. Let s(w) = 5*w**2 + 6*w + 11. Let n(x) = -6*l(x) - 5*s(x). Let a(f) = 28*f + 2. Let b be a(5). Let c = 146 - b. Determine n(c).
-11
Let l(g) = -5*g**2 - 4*g - 2. Let f = -2543 + 2541. What is l(f)?
-14
Let n(f) = -f**2 - f. Let s(j) = 7*j + 7. Let z(a) = -n(a) + s(a). Let h be (-2)/5 - 231/35. What is z(h)?
0
Let b(j) = 5*j**2 - 4*j - 3. Let l(d) = -4*d**2 + 4*d + 2. Let r(y) = 6*b(y) + 7*l(y). What is r(-4)?
12
Suppose 0 - 15 = 3*w. Let h(x) be the third derivative of x**5/60 + x**4/4 + x**3/6 + 1382*x**2. What is h(w)?
-4
Let k(b) = 8*b - 1. Let g(l) = -10 - l + l**3 + 2*l - l**2 + 6*l - 4*l**2. Let p be g(4). Determine k(p).
15
Suppose 48*b - 3 + 3 = 0. Let k(y) = -2*y - 7. Determine k(b).
-7
Let o = -714 - -724. Let l(m) = m**3 - 10*m**2 - 3*m + 11. Determine l(o).
-19
Let i(q) be the second derivative of q**6/720 - q**5/30 - 7*q**4/12 - 4*q. Let z(h) be the third derivative of i(h). Determine z(3).
-1
Let m(a) = -5*a + 0*a**2 + 0 + a**2 - 2. Let o = -15 - -16. Let v be (-8)/(-12)*o*6. Calculate m(v).
-6
Let j(u) = -7*u**2 - u + 5. Let q(p) = 1 + 3*p**2 - 3 - 3*p**2 + 3*p**2. Let h(v) = 2*j(v) + 5*q(v). Suppose 0 = l - s - 3*s - 3, -s = 2*l - 6. Give h(l).
3
Let m be -3 + 3 + (8 - 2). Suppose -m*